[INFO] cloning repository https://github.com/Tesafilm1337/Mnemonic
[INFO] running `Command { std: "git" "-c" "credential.helper=" "-c" "credential.helper=/workspace/cargo-home/bin/git-credential-null" "clone" "--bare" "https://github.com/Tesafilm1337/Mnemonic" "/workspace/cache/git-repos/https%3A%2F%2Fgithub.com%2FTesafilm1337%2FMnemonic", kill_on_drop: false }`
[INFO] [stderr] Cloning into bare repository '/workspace/cache/git-repos/https%3A%2F%2Fgithub.com%2FTesafilm1337%2FMnemonic'...
[INFO] running `Command { std: "git" "rev-parse" "HEAD", kill_on_drop: false }`
[INFO] [stdout] 7f2088257f5f6efbe5cb34277ae6e574f00ab56a
[INFO] checking Tesafilm1337/Mnemonic against master#e6e4f7ed1589e03bc2f6c5931c1a72e7947e8682 for beta-170-4
[INFO] running `Command { std: "git" "clone" "/workspace/cache/git-repos/https%3A%2F%2Fgithub.com%2FTesafilm1337%2FMnemonic" "/workspace/builds/worker-4-tc2/source", kill_on_drop: false }`
[INFO] [stderr] Cloning into '/workspace/builds/worker-4-tc2/source'...
[INFO] [stderr] done.
[INFO] validating manifest of git repo https://github.com/Tesafilm1337/Mnemonic on toolchain e6e4f7ed1589e03bc2f6c5931c1a72e7947e8682
[INFO] running `Command { std: CARGO_HOME="/workspace/cargo-home" RUSTUP_HOME="/workspace/rustup-home" "/workspace/cargo-home/bin/cargo" "+e6e4f7ed1589e03bc2f6c5931c1a72e7947e8682" "metadata" "--manifest-path" "Cargo.toml" "--no-deps", kill_on_drop: false }`
[INFO] started tweaking git repo https://github.com/Tesafilm1337/Mnemonic
[INFO] finished tweaking git repo https://github.com/Tesafilm1337/Mnemonic
[INFO] tweaked toml for git repo https://github.com/Tesafilm1337/Mnemonic written to /workspace/builds/worker-4-tc2/source/Cargo.toml
[INFO] crate git repo https://github.com/Tesafilm1337/Mnemonic already has a lockfile, it will not be regenerated
[INFO] running `Command { std: CARGO_HOME="/workspace/cargo-home" RUSTUP_HOME="/workspace/rustup-home" "/workspace/cargo-home/bin/cargo" "+e6e4f7ed1589e03bc2f6c5931c1a72e7947e8682" "fetch" "--manifest-path" "Cargo.toml", kill_on_drop: false }`
[INFO] running `Command { std: "docker" "create" "-v" "/var/lib/crater-agent-workspace/builds/worker-4-tc2/target:/opt/rustwide/target:rw,Z" "-v" "/var/lib/crater-agent-workspace/builds/worker-4-tc2/source:/opt/rustwide/workdir:ro,Z" "-v" "/var/lib/crater-agent-workspace/cargo-home:/opt/rustwide/cargo-home:ro,Z" "-v" "/var/lib/crater-agent-workspace/rustup-home:/opt/rustwide/rustup-home:ro,Z" "-e" "SOURCE_DIR=/opt/rustwide/workdir" "-e" "CARGO_TARGET_DIR=/opt/rustwide/target" "-e" "CARGO_HOME=/opt/rustwide/cargo-home" "-e" "RUSTUP_HOME=/opt/rustwide/rustup-home" "-w" "/opt/rustwide/workdir" "-m" "1610612736" "--user" "0:0" "--network" "none" "ghcr.io/rust-lang/crates-build-env/linux@sha256:19e73879b68f455e41552ea35293514db52ea292d993f571636dbffedb77a1ee" "/opt/rustwide/cargo-home/bin/cargo" "+e6e4f7ed1589e03bc2f6c5931c1a72e7947e8682" "metadata" "--no-deps" "--format-version=1", kill_on_drop: false }`
[INFO] [stdout] 4a5aca2e9efd6dca85464b276ba37f4d7f491117d0cd944472e87af8b10f10f9
[INFO] running `Command { std: "docker" "start" "-a" "4a5aca2e9efd6dca85464b276ba37f4d7f491117d0cd944472e87af8b10f10f9", kill_on_drop: false }`
[INFO] running `Command { std: "docker" "inspect" "4a5aca2e9efd6dca85464b276ba37f4d7f491117d0cd944472e87af8b10f10f9", kill_on_drop: false }`
[INFO] running `Command { std: "docker" "rm" "-f" "4a5aca2e9efd6dca85464b276ba37f4d7f491117d0cd944472e87af8b10f10f9", kill_on_drop: false }`
[INFO] [stdout] 4a5aca2e9efd6dca85464b276ba37f4d7f491117d0cd944472e87af8b10f10f9
[INFO] running `Command { std: "docker" "create" "-v" "/var/lib/crater-agent-workspace/builds/worker-4-tc2/target:/opt/rustwide/target:rw,Z" "-v" "/var/lib/crater-agent-workspace/builds/worker-4-tc2/source:/opt/rustwide/workdir:ro,Z" "-v" "/var/lib/crater-agent-workspace/cargo-home:/opt/rustwide/cargo-home:ro,Z" "-v" "/var/lib/crater-agent-workspace/rustup-home:/opt/rustwide/rustup-home:ro,Z" "-e" "SOURCE_DIR=/opt/rustwide/workdir" "-e" "CARGO_TARGET_DIR=/opt/rustwide/target" "-e" "CARGO_INCREMENTAL=0" "-e" "RUST_BACKTRACE=full" "-e" "RUSTFLAGS=--cap-lints=forbid" "-e" "RUSTDOCFLAGS=--cap-lints=forbid" "-e" "CARGO_HOME=/opt/rustwide/cargo-home" "-e" "RUSTUP_HOME=/opt/rustwide/rustup-home" "-w" "/opt/rustwide/workdir" "-m" "1610612736" "--user" "0:0" "--network" "none" "ghcr.io/rust-lang/crates-build-env/linux@sha256:19e73879b68f455e41552ea35293514db52ea292d993f571636dbffedb77a1ee" "/opt/rustwide/cargo-home/bin/cargo" "+e6e4f7ed1589e03bc2f6c5931c1a72e7947e8682" "check" "--frozen" "--all" "--all-targets" "--message-format=json", kill_on_drop: false }`
[INFO] [stdout] 3daaa88f25758f8d78b78c73442a4cd4fdfb2fce6964801daa1d6e2c1048f49b
[INFO] running `Command { std: "docker" "start" "-a" "3daaa88f25758f8d78b78c73442a4cd4fdfb2fce6964801daa1d6e2c1048f49b", kill_on_drop: false }`
[INFO] [stderr]    Compiling libc v0.2.131
[INFO] [stderr]    Compiling serde v1.0.143
[INFO] [stderr]    Compiling syn v1.0.99
[INFO] [stderr]    Compiling smallvec v1.9.0
[INFO] [stderr]    Compiling version-compare v0.1.0
[INFO] [stderr]    Compiling ppv-lite86 v0.2.16
[INFO] [stderr]    Compiling siphasher v0.3.10
[INFO] [stderr]    Compiling serde_derive v1.0.143
[INFO] [stderr]    Compiling getrandom v0.1.16
[INFO] [stderr]    Compiling slab v0.4.7
[INFO] [stderr]    Compiling anyhow v1.0.61
[INFO] [stderr]    Compiling proc-macro-error-attr v1.0.4
[INFO] [stderr]    Compiling futures-util v0.3.21
[INFO] [stderr]    Compiling futures-channel v0.3.21
[INFO] [stderr]    Compiling unicode-segmentation v1.9.0
[INFO] [stderr]    Compiling version-compare v0.0.11
[INFO] [stderr]    Compiling cfg-expr v0.10.3
[INFO] [stderr]    Compiling phf_shared v0.8.0
[INFO] [stderr]    Compiling cfg-expr v0.9.1
[INFO] [stderr]    Compiling ucd-trie v0.1.4
[INFO] [stderr]    Compiling proc-macro-hack v0.5.19
[INFO] [stderr]    Compiling phf_shared v0.10.0
[INFO] [stderr]    Compiling gio v0.15.12
[INFO] [stderr]     Checking futures-io v0.3.21
[INFO] [stderr]    Compiling heck v0.3.3
[INFO] [stderr]    Compiling target-lexicon v0.12.4
[INFO] [stderr]     Checking hashbrown v0.12.3
[INFO] [stderr]    Compiling serde_json v1.0.83
[INFO] [stderr]     Checking new_debug_unreachable v1.0.4
[INFO] [stderr]    Compiling gtk v0.15.5
[INFO] [stderr]     Checking mac v0.1.1
[INFO] [stderr]    Compiling fnv v1.0.7
[INFO] [stderr]    Compiling strsim v0.10.0
[INFO] [stderr]     Checking precomputed-hash v0.1.1
[INFO] [stderr]    Compiling ident_case v1.0.1
[INFO] [stderr]     Checking futf v0.1.5
[INFO] [stderr]     Checking dtoa v0.4.8
[INFO] [stderr]     Checking utf-8 v0.7.6
[INFO] [stderr]    Compiling x11 v2.20.0
[INFO] [stderr]     Checking stable_deref_trait v1.2.0
[INFO] [stderr]    Compiling crossbeam-utils v0.8.11
[INFO] [stderr]     Checking itoa v0.4.8
[INFO] [stderr]     Checking nodrop v0.1.14
[INFO] [stderr]     Checking tendril v0.4.3
[INFO] [stderr]     Checking dtoa-short v0.3.3
[INFO] [stderr]    Compiling x11-dl v2.20.0
[INFO] [stderr]     Checking servo_arc v0.1.1
[INFO] [stderr]     Checking parking_lot_core v0.9.3
[INFO] [stderr]     Checking getrandom v0.2.7
[INFO] [stderr]     Checking indexmap v1.9.1
[INFO] [stderr]    Compiling semver v1.0.13
[INFO] [stderr]    Compiling libayatana-appindicator v0.2.0
[INFO] [stderr]     Checking thin-slice v0.1.1
[INFO] [stderr]    Compiling rand_core v0.5.1
[INFO] [stderr]    Compiling rand_core v0.6.3
[INFO] [stderr]     Checking parking_lot v0.12.1
[INFO] [stderr]    Compiling rand_pcg v0.2.1
[INFO] [stderr]    Compiling rand_chacha v0.2.2
[INFO] [stderr]    Compiling rand_chacha v0.3.1
[INFO] [stderr]    Compiling tao v0.9.1
[INFO] [stderr]     Checking uuid v0.8.2
[INFO] [stderr]     Checking bytes v1.2.1
[INFO] [stderr]    Compiling xattr v0.2.3
[INFO] [stderr]    Compiling pyo3-build-config v0.16.5
[INFO] [stderr]     Checking crossbeam-channel v0.5.6
[INFO] [stderr]    Compiling rand v0.7.3
[INFO] [stderr]    Compiling rand v0.8.5
[INFO] [stderr]     Checking cfb v0.6.1
[INFO] [stderr]    Compiling filetime v0.2.17
[INFO] [stderr]     Checking http v0.2.8
[INFO] [stderr]     Checking instant v0.1.12
[INFO] [stderr]     Checking heck v0.4.0
[INFO] [stderr]    Compiling wry v0.17.0
[INFO] [stderr]    Compiling same-file v1.0.6
[INFO] [stderr]    Compiling tar v0.4.38
[INFO] [stderr]    Compiling time-macros v0.2.4
[INFO] [stderr]     Checking http-range v0.1.5
[INFO] [stderr]    Compiling walkdir v2.3.2
[INFO] [stderr]    Compiling embed-manifest v1.3.1
[INFO] [stderr]     Checking num_threads v0.1.6
[INFO] [stderr]     Checking ahash v0.7.6
[INFO] [stderr]     Checking infer v0.7.0
[INFO] [stderr]     Checking unindent v0.1.10
[INFO] [stderr]     Checking futures-executor v0.3.21
[INFO] [stderr]    Compiling indoc v1.0.7
[INFO] [stderr]    Compiling phf_generator v0.8.0
[INFO] [stderr]     Checking windows v0.37.0
[INFO] [stderr]    Compiling phf_codegen v0.8.0
[INFO] [stderr]    Compiling phf_generator v0.10.0
[INFO] [stderr]     Checking winsafe v0.0.10
[INFO] [stderr]    Compiling string_cache_codegen v0.5.2
[INFO] [stderr]    Compiling selectors v0.22.0
[INFO] [stderr]    Compiling markup5ever v0.10.1
[INFO] [stderr]    Compiling pyo3-ffi v0.16.5
[INFO] [stderr]    Compiling pyo3 v0.16.5
[INFO] [stderr]     Checking time v0.3.13
[INFO] [stderr]    Compiling toml v0.5.9
[INFO] [stdout] error[E0433]: failed to resolve: could not find `windows` in `os`
[INFO] [stdout]   --> /opt/rustwide/cargo-home/registry/src/index.crates.io-6f17d22bba15001f/windows-0.37.0/src/core/pcwstr.rs:64:24
[INFO] [stdout]    |
[INFO] [stdout] 64 |         use ::std::os::windows::ffi::OsStrExt;
[INFO] [stdout]    |                        ^^^^^^^ could not find `windows` in `os`
[INFO] [stdout] 
[INFO] [stdout] 
[INFO] [stderr]    Compiling proc-macro-error v1.0.4
[INFO] [stderr]    Compiling darling_core v0.13.4
[INFO] [stderr]    Compiling pyo3-macros-backend v0.16.5
[INFO] [stdout] error[E0433]: failed to resolve: could not find `windows` in `os`
[INFO] [stdout]   --> /opt/rustwide/cargo-home/registry/src/index.crates.io-6f17d22bba15001f/windows-0.37.0/src/core/hstring.rs:53:18
[INFO] [stdout]    |
[INFO] [stdout] 53 |         std::os::windows::ffi::OsStringExt::from_wide(self.as_wide())
[INFO] [stdout]    |                  ^^^^^^^ could not find `windows` in `os`
[INFO] [stdout]    |
[INFO] [stdout] help: consider importing this trait
[INFO] [stdout]    |
[INFO] [stdout] 1  + use std::os::unix::prelude::OsStringExt;
[INFO] [stdout]    |
[INFO] [stdout] help: if you import `OsStringExt`, refer to it directly
[INFO] [stdout]    |
[INFO] [stdout] 53 -         std::os::windows::ffi::OsStringExt::from_wide(self.as_wide())
[INFO] [stdout] 53 +         OsStringExt::from_wide(self.as_wide())
[INFO] [stdout]    |
[INFO] [stdout] 
[INFO] [stdout] 
[INFO] [stdout] error[E0433]: failed to resolve: could not find `windows` in `os`
[INFO] [stdout]    --> /opt/rustwide/cargo-home/registry/src/index.crates.io-6f17d22bba15001f/windows-0.37.0/src/core/hstring.rs:173:48
[INFO] [stdout]     |
[INFO] [stdout] 173 |         unsafe { Self::from_wide_iter(std::os::windows::ffi::OsStrExt::encode_wide(value), value.len() as u32) }
[INFO] [stdout]     |                                                ^^^^^^^ could not find `windows` in `os`
[INFO] [stdout]     |
[INFO] [stdout] help: consider importing this trait
[INFO] [stdout]     |
[INFO] [stdout] 1   + use std::os::unix::prelude::OsStrExt;
[INFO] [stdout]     |
[INFO] [stdout] help: if you import `OsStrExt`, refer to it directly
[INFO] [stdout]     |
[INFO] [stdout] 173 -         unsafe { Self::from_wide_iter(std::os::windows::ffi::OsStrExt::encode_wide(value), value.len() as u32) }
[INFO] [stdout] 173 +         unsafe { Self::from_wide_iter(OsStrExt::encode_wide(value), value.len() as u32) }
[INFO] [stdout]     |
[INFO] [stdout] 
[INFO] [stdout] 
[INFO] [stdout] error[E0433]: failed to resolve: could not find `windows` in `os`
[INFO] [stdout]    --> /opt/rustwide/cargo-home/registry/src/index.crates.io-6f17d22bba15001f/windows-0.37.0/src/core/hstring.rs:287:52
[INFO] [stdout]     |
[INFO] [stdout] 287 |         self.as_wide().iter().copied().eq(std::os::windows::ffi::OsStrExt::encode_wide(other))
[INFO] [stdout]     |                                                    ^^^^^^^ could not find `windows` in `os`
[INFO] [stdout]     |
[INFO] [stdout] help: consider importing this trait
[INFO] [stdout]     |
[INFO] [stdout] 1   + use std::os::unix::prelude::OsStrExt;
[INFO] [stdout]     |
[INFO] [stdout] help: if you import `OsStrExt`, refer to it directly
[INFO] [stdout]     |
[INFO] [stdout] 287 -         self.as_wide().iter().copied().eq(std::os::windows::ffi::OsStrExt::encode_wide(other))
[INFO] [stdout] 287 +         self.as_wide().iter().copied().eq(OsStrExt::encode_wide(other))
[INFO] [stdout]     |
[INFO] [stdout] 
[INFO] [stdout] 
[INFO] [stderr]    Compiling system-deps v6.0.2
[INFO] [stderr]    Compiling system-deps v5.0.0
[INFO] [stderr]    Compiling winres v0.1.12
[INFO] [stderr]    Compiling thiserror-impl v1.0.32
[INFO] [stderr]    Compiling phf_macros v0.8.0
[INFO] [stderr]    Compiling cssparser v0.27.2
[INFO] [stderr]    Compiling html5ever v0.25.2
[INFO] [stderr]    Compiling cssparser-macros v0.6.0
[INFO] [stderr]    Compiling derive_more v0.99.17
[INFO] [stderr]    Compiling phf_macros v0.10.0
[INFO] [stderr]    Compiling ctor v0.1.23
[INFO] [stderr]    Compiling mnemonic v1.0.0 (/opt/rustwide/workdir)
[INFO] [stderr]    Compiling soup2-sys v0.2.0
[INFO] [stderr]    Compiling glib-sys v0.15.10
[INFO] [stderr] error: could not compile `windows` (lib) due to 4 previous errors
[INFO] [stderr] 
[INFO] [stderr] Caused by:
[INFO] [stderr]   process didn't exit successfully: `/opt/rustwide/rustup-home/toolchains/e6e4f7ed1589e03bc2f6c5931c1a72e7947e8682/bin/rustc --crate-name windows --edition=2018 /opt/rustwide/cargo-home/registry/src/index.crates.io-6f17d22bba15001f/windows-0.37.0/src/lib.rs --error-format=json --json=diagnostic-rendered-ansi,artifacts,future-incompat --crate-type lib --emit=dep-info,metadata -C embed-bitcode=no -C debuginfo=2 --cfg 'feature="ApplicationModel"' --cfg 'feature="ApplicationModel_DataTransfer"' --cfg 'feature="Win32"' --cfg 'feature="Win32_Foundation"' --cfg 'feature="Win32_Graphics"' --cfg 'feature="Win32_Graphics_Dwm"' --cfg 'feature="Win32_Security"' --cfg 'feature="Win32_Storage"' --cfg 'feature="Win32_Storage_EnhancedStorage"' --cfg 'feature="Win32_Storage_FileSystem"' --cfg 'feature="Win32_System"' --cfg 'feature="Win32_System_Com"' --cfg 'feature="Win32_System_Com_StructuredStorage"' --cfg 'feature="Win32_System_IO"' --cfg 'feature="Win32_System_Pipes"' --cfg 'feature="Win32_System_Registry"' --cfg 'feature="Win32_System_SystemServices"' --cfg 'feature="Win32_System_Threading"' --cfg 'feature="Win32_UI"' --cfg 'feature="Win32_UI_Controls"' --cfg 'feature="Win32_UI_Input"' --cfg 'feature="Win32_UI_Input_KeyboardAndMouse"' --cfg 'feature="Win32_UI_Shell"' --cfg 'feature="Win32_UI_Shell_Common"' --cfg 'feature="Win32_UI_Shell_PropertiesSystem"' --cfg 'feature="Win32_UI_WindowsAndMessaging"' --cfg 'feature="alloc"' --cfg 'feature="default"' -C metadata=54d1182e01541610 -C extra-filename=-54d1182e01541610 --out-dir /opt/rustwide/target/debug/deps -L dependency=/opt/rustwide/target/debug/deps --cap-lints allow --cap-lints=forbid` (signal: 9, SIGKILL: kill)
[INFO] [stderr] warning: build failed, waiting for other jobs to finish...
[INFO] running `Command { std: "docker" "inspect" "3daaa88f25758f8d78b78c73442a4cd4fdfb2fce6964801daa1d6e2c1048f49b", kill_on_drop: false }`
[INFO] running `Command { std: "docker" "rm" "-f" "3daaa88f25758f8d78b78c73442a4cd4fdfb2fce6964801daa1d6e2c1048f49b", kill_on_drop: false }`
[INFO] [stdout] 3daaa88f25758f8d78b78c73442a4cd4fdfb2fce6964801daa1d6e2c1048f49b
